)/138)*(-45)/(-45).
7
Let l = -3922 - -4463. Calculate the remainder when l is divided by 135.
1
Suppose 10276 = 7*v - 6503. Calculate the remainder when v is divided by 30.
27
Suppose 209*s = 120419 - 29713. What is the remainder when s is divided by 208?
18
Suppose 0 = -40*k + 96*k - 18984. What is the remainder when k is divided by 35?
24
Let d be -3 - -7*(3 - 23). Let q = d - -200. Calculate the remainder when q is divided by 15.
12
Suppose -130*j = -124*j - 330. Let u = j - 19. Calculate the remainder when (-87 + -14)/(-1 - 0) is divided by u.
29
Let s(h) = h**2 - 6*h - 5. Suppose 6*d = -4*r + d + 21, d = -3. Suppose -31 - r = -10*p. What is the remainder when s(8) is divided by p?
3
Suppose 12*m - m - 1092 = -2*m. Calculate the remainder when 4617 is divided by m.
81
Suppose -145*j = -187*j + 672. What is the remainder when 19 is divided by j?
3
Let t = -54 + 110. Suppose 0 = -8*g - g + 45. Suppose -9*a + t = -g*a. What is the remainder when 31 is divided by a?
3
Suppose l + 0*l = -13. Let b(s) = 3*s + 23 - 2*s + 4*s - 6*s + 0*s. What is the remainder when b(l) is divided by 13?
10
Suppose 0 = 69*v - 71*v + 222. What is the remainder when 3105 is divided by v?
108
Suppose 0 = -2*t + 5*g + 22, t + 0*t + 19 = -5*g. Let u be ((-228)/8 + 2)*t*-2. Calculate the remainder when (-4)/8*u*-4 is divided by 22.
18
Suppose c - 78 = -2*c. What is the remainder when (-24)/(-48)*(c - 0) is divided by 11?
2
Let s = -120 - -126. Let c be (-43)/(-2) + (-9)/(-6). Let q = c + -11. What is the remainder when q is divided by s?
0
Suppose 2*b = 5*i - 641, -251 = -2*i + 8*b - 9*b. Calculate the remainder when i is divided by 116.
11
Let v be 16/((-80)/15) - -2*9. Suppose 5*r = 2*w + 111, 2*r - 3*r + 4*w = -v. Calculate the remainder when 69 is divided by r.
0
Suppose 8 = -3*j + 5*j. Suppose -u + j*u = 90. Let d = 6845 - 6837. Calculate the remainder when u is divided by d.
6
Let f = -4242 - -4558. Calculate the remainder when f is divided by 56.
36
Let h = -3 + 40. Suppose 274*v - 23549 = 239765. What is the remainder when v is divided by h?
36
Suppose 4 = -3*h + 10. Suppose 0 = 10*l - h*l + 112. Calculate the remainder when (-10)/(-35) + (-1802)/l is divided by 22.
19
Let l = 4231 + -3625. Calculate the remainder when l is divided by 32.
30
Let b(a) = 4*a**2 + a. Let v = -13 - -327. Let c = v - 305. What is the remainder when b(-3) is divided by c?
6
Suppose -4*x + 4*b = -2440, 5*x + 317 - 3357 = 3*b. Calculate the remainder when x is divided by 134.
69
Let j(q) = 34*q - 55. What is the remainder when j(5) is divided by 43?
29
Let u = 5535 - 5522. Let t(v) = v**3 - 6*v**2 - 2*v - 4. Let s be t(6). Let d = 24 + s. Calculate the remainder when u is divided by d.
5
Let a be ((-14)/(-6))/(-7)*-9. Suppose 16 - 175 = -a*v. Calculate the remainder when v is divided by 32.
21
Calculate the remainder when 416 is divided by (-27)/36 - (-7 + 1225/(-28)).
16
Let i(a) = 27*a**2 - 64*a - 225. Calculate the remainder when i(-7) is divided by 3.
1
Let o = 9179 - 8915. Calculate the remainder when 324 is divided by o.
60
Let r(f) = -53*f + 1148. What is the remainder when 205 is divided by r(20)?
29
Let z = 21 + 11. Suppose 2*i - z - 70 = 0. Let x = 84122 - 84104. What is the remainder when i is divided by x?
15
Let f = -9492 - -9536. Calculate the remainder when 899 is divided by f.
19
Suppose -9*z = -2*z. Suppose 17*p - 39 - 46 = z. Calculate the remainder when 11 is divided by p.
1
Let v = 167 + -116. Suppose -g = 0, 3*g + 135 = -5*l + l + 411. Calculate the remainder when l is divided by v.
18
Let h(s) = -4*s**2 + 10. Let o be h(-3). What is the remainder when 73 is divided by o/39*-15*3/2?
13
Let u be (2/(-4))/((-24 - -9)/25890). Let a = -797 + u. Calculate the remainder when 176 is divided by a.
44
Suppose 24*f + 1 - 49 = 0. Suppose f*t - 6*t + 773 = -w, 4*w - 748 = -4*t. What is the remainder when t is divided by 65?
62
Suppose -403*y = -431*y + 329252. Calculate the remainder when y is divided by 48.
47
Let p be (-232)/(-2 - (-10)/4). Let j(i) = 5*i**3 + 3*i**2 + 8*i - 53. Let u be j(5). Let b = p + u. What is the remainder when b is divided by 15?
13
Suppose -b + 2*u + 228 = 0, -b - 4*u + 281 = 65. What is the remainder when b is divided by 40?
24
Let a(y) = -2*y + y + 14 + 1. Let x be (0/(-3))/(-4 + 3). What is the remainder when 42 is divided by a(x)?
12
Let x(w) = -w**3 + 10*w**2 - 7*w + 63. Let m be x(8). Let b = m + -93. Calculate the remainder when 713 is divided by b.
41
Let v = 15 + -12. Suppose 91 - 31 = v*y. Calculate the remainder when 13 is divided by (y/(-3))/(-1) - 1/(-3).
6
Let c = 26 - -37. Suppose c + 175 = 7*h. Suppose -h = 12*o - 358. Calculate the remainder when o is divided by 6.
3
Suppose 5690 - 14986 = -8*f. Calculate the remainder when f is divided by 54.
28
Let c(n) = -240*n + 1466. What is the remainder when c(-61) is divided by 90?
86
Suppose 3775*b + 86 = 3780*b + u, 0 = 5*b + 3*u - 78. Calculate the remainder when 4729 is divided by b.
13
Let d = 1 + -1. Let a(o) = -o**2 + 2*o. Let h be a(d). Suppose h = 6*g - 28 - 38. Calculate the remainder when 41 is divided by g.
8
Let q(o) = o**3 + 24*o**2 + 24*o + 75. Calculate the remainder when q(-22) is divided by 15/((-180)/(-8))*222/4.
34
Let d = 4257 + -2970. Suppose -15*o = -28*o + d. Calculate the remainder when o is divided by 30.
9
Suppose 0 = -i - 3*f + 95, -3*i - 2*i + 3*f + 403 = 0. Suppose 25*x + i = 833. Calculate the remainder when x is divided by 11.
8
Suppose 5*b + 29 = 4*r, -2*b + 0 - 38 = -4*r. Let h(a) = -3*a**3 + 32*a**2 + 14*a - 19. What is the remainder when 179 is divided by h(r)?
11
Suppose -q + 2 = 0, 0 = i + q + 174 - 182. Suppose 0 = -3*l - 40 + 163. What is the remainder when l is divided by i?
5
Suppose 12*i = i + 11616. What is the remainder when i is divided by 14?
6
Let z = -403 + 589. Suppose 20*q - 14*q = z. Let h = -14 - -26. Calculate the remainder when q is divided by h.
7
Let f(i) = 0*i**3 - 2*i**2 - 31*i + i**3 + 2 + 7*i**2. Calculate the remainder when f(-7) is divided by 31.
28
Suppose d - 3 = -1. Suppose 31 = 3*f + d*i, 0 = -f + 3*f + i - 22. Calculate the remainder when 9/(-20) - (-2)/10 - 3770/(-104) is divided by f.
10
Let t be -1 + 27/4 - 14/(-56). Calculate the remainder when 130 is divided by t/(-24)*0 + 34.
28
Let s(y) = 24*y**2 - 99*y + 7. Calculate the remainder when s(5) is divided by 54.
4
Suppose -612 = -4*t - 112. Let s = t + -1. Let o(g) = -g**3 - 4*g**2 + 5*g - 21. Calculate the remainder when s is divided by o(-6).
19
Let a(h) = -h**3 - 97*h**2 + 404*h + 10. Calculate the remainder when 51 is divided by a(-101).
1
Suppose -k = -5*g + 211, 0 = -k + 276 - 267. Calculate the remainder when 801 is divided by g.
9
Let u(b) = -b**2 - 14*b - 19. Let c be u(-13). What is the remainder when (25 - 22)/(c/(-206)) is divided by 15?
13
Let p(k) = -5*k - 6. Suppose -5*b = -4*h - 27, h - 3 = -3*b + 3. Calculate the remainder when 398/9 + 16/(-72) is divided by p(h).
8
Suppose -4*l + 28 = 2*v, -5*l + 3*v - 15 + 39 = 0. Suppose l*j + 397 = -95. Let y = -7 - j. Calculate the remainder when y is divided by 11.
9
Let s = 47375 + -47123. What is the remainder when s is divided by 227?
25
Suppose 137 = 3*g + 4*d + 38, -2*g + 2*d = -52. Suppose 8*q = 3*q + 2*p + 55, -q + 4*p = -g. What is the remainder when 22 is divided by q?
4
Let w = -24180 - -24269. Calculate the remainder when 1244 is divided by w.
87
Let a = -37235 + 37974. Calculate the remainder when a is divided by 174.
43
Suppose 22*v + 1477 = 1763. What is the remainder when 1845 is divided by v?
12
Let u = -169 + 163. Let o = u - -85. What is the remainder when o is divided by 10?
9
Let x = -12467 + 14018. What is the remainder when x is divided by 16?
15
Let k = 2198 + -1651. Calculate the remainder when k is divided by 28.
15
Calculate the remainder when 1951 is divided by (-153)/119*(-5)/(5/7).
7
Suppose 87920 = -471*i + 242*i + 249*i. What is the remainder when i is divided by 19?
7
Suppose -5*f + 15 = 0, 511*f - 515*f - 100 = -b. What is the remainder when b is divided by 103?
9
Let m(n) = 145*n**2 + 1. Let t(x) = 7*x**2 - 95*x - 17. Calculate the remainder when m(-1) is divided by t(14).
21
Suppose -88*g + 616 = 49*g + 17*g. What is the remainder when 10315 is divided by g?
3
Suppose 0*w = 4